 the prime factors of w(-12).
2, 3, 23
Let l(f) = -2351*f + 1. What are the prime factors of l(-1)?
2, 3, 7
Let q = -15 - -2379. What are the prime factors of q?
2, 3, 197
Let x be (-8 - 87/(-12))*(-56)/(-2). Let c = x - -119. List the prime factors of c.
2, 7
Let d(x) = 3*x - 3. Let z be d(-7). Let i = -21 - z. List the prime factors of i.
3
Let g = 18 - 16. Suppose -20 = -4*i, g*u = -5*i - 0*i + 43. Suppose -263 = u*c - 722. List the prime factors of c.
3, 17
Let o = 973 - -70. List the prime factors of o.
7, 149
Let j = 5054 + -2822. Suppose 8*a + 4*a - j = 0. List the prime factors of a.
2, 3, 31
Let n(o) = o**3 + 3*o**2 - o - 2. Let k be n(-2). Suppose 2*u - 2*y - 3 = -u, -k*u + 5*y - 3 = 0. Suppose u*t + 2 - 32 = 0. What are the prime factors of t?
2, 5
Let y = 116 - -82. List the prime factors of y.
2, 3, 11
Let z(y) = y + 13. Let r be z(-7). Let s be 1/r + 645/18. Suppose -s = v - 4*v. What are the prime factors of v?
2, 3
Let d(s) = 4*s**2 + 9*s - 3. Let x(j) = 3*j**2 + 10*j - 3. Let z(k) = -2*d(k) + 3*x(k). Let w be z(9). What are the prime factors of w/4*(-10)/(-15)?
31
Let v be ((-4)/(-8) + -1)*(-1 - 159). Suppose -4*r + 30 = -2*d - v, -2*r = 4*d - 40. List the prime factors of r.
2, 13
Suppose 4*h - 6170 = 3*o - 5*o, 2*o + 3100 = 2*h. What are the prime factors of h?
3, 5, 103
Suppose 25 = 5*n - 4*r - r, 2*n - 4*r - 14 = 0. Suppose 7 = u + n. What are the prime factors of u?
2
Let f(a) = 12*a**2 - 6*a + 11. Let g(y) = -y**2 + y - 1. Let d be 6/9 + 3/9. Let h(u) = d*f(u) + 6*g(u). What are the prime factors of h(3)?
59
Let t be 0*(5 - (-8)/(-2)). Suppose 2*m = -t*m. Suppose m = -2*h + 4, -3*h = 5*j + h - 68. List the prime factors of j.
2, 3
Let m(n) = n - 8. Let b be m(10). Suppose -5*v + k - 240 = 3*k, 2*k = b*v + 96. Let r = 68 + v. What are the prime factors of r?
2, 5
Suppose -4*m + 453 = -619. Suppose 4*y - 366 = -5*k, -k + 3*y = 3*k - m. List the prime factors of k.
2, 5, 7
Suppose 3*r - 7*r - 22 = -2*b, -5*b - 5*r = -55. Let f(y) = b + 3 - 4*y - 8. What are the prime factors of f(-7)?
2, 17
Suppose 0*x = -2*x + 2. List the prime factors of (-8 - -14)*x/2*23.
3, 23
Let s = 15 - 10. Suppose 4*o - 4*b = 3*o + 60, -s*b + 133 = 2*o. List the prime factors of o.
2
Let r be (1 - -136)/(18/36). What are the prime factors of 1*r*3/6?
137
Let l(g) = g**3 + 18*g - 33. What are the prime factors of l(5)?
2, 7, 13
Let q(f) = -24*f + 2 + 0 + 1. What are the prime factors of q(-2)?
3, 17
Let f be 0/14 + 23 + (-4)/2. List the prime factors of 46/((-15)/f + 1).
7, 23
Suppose 5*k = 2*j - 10, -j + 0*k = 2*k - 5. Suppose -3*o = 1 + j. List the prime factors of o*(2 + 136/(-4)).
2
Let v be -2*21/15 - (-3)/(-15). What are the prime factors of (v/(-6))/(4/472)?
59
Let w(z) = z**3 + 31*z**2 - 187*z - 3. What are the prime factors of w(-35)?
2, 821
Let v(t) = -t**3 - 5*t**2 + 6*t + 2. Let j be v(-6). Suppose j*y + 2 = 0, -3*l + 7*l = y + 9. What are the prime factors of (4/l + -3)*-39?
3, 13
Let b = -133 + 137. What are the prime factors of b?
2
Suppose -4*w + 5*k = -4808, -8 = k - 3*k. Suppose 395 = 6*g - w. List the prime factors of g.
3, 89
Let q be (-22)/(-3)*-3 + 2. Let k = q - -23. Suppose k = o - 3. List the prime factors of o.
2, 3
Suppose 7*t = 6*t - 7. Let q be (3/(-7))/(1/t). Suppose -2*r + 69 = q*u, 2*r - u - 26 = 23. What are the prime factors of r?
3
Let z = -14 - -16. Suppose z*m + 0 = 28. List the prime factors of (m/(-28))/(2/(-8)).
2
Suppose -264 = 6*b - 2*b. Let r = b + 139. List the prime factors of r.
73
Suppose 8 = -4*x - 24. Let m(j) = j**3 + 10*j**2 + 2*j - 4. What are the prime factors of m(x)?
2, 3
Suppose 100 = 4*f + f. Suppose -4*h - 8 = -4*n, -n + f = 3*n. Suppose -2*z + 5*o = -157, 10 = o - h*o. List the prime factors of z.
2, 3, 11
Let j = 623 - -660. List the prime factors of j.
1283
Suppose 4*n + 2 + 2 = 0. What are the prime factors of 126 + ((-1)/(3/9))/n?
3, 43
Suppose 3*z - 966 = -4*n, 0 = -2*n - 2*n + 2*z + 956. What are the prime factors of n?
2, 3, 5
Let t be -1*4 - (7 + -11). What are the prime factors of (-10 - -3)/7*(t - 23)?
23
Suppose -76*k = -82*k + 1230. List the prime factors of k.
5, 41
Let a = -525 + 1099. Suppose -3*u = 5*f - a, f - 4*u = -f + 240. List the prime factors of f.
2, 29
Let v(n) = 4*n**2 + 4*n**2 - 1 - 6*n - 7*n**2. List the prime factors of v(-4).
3, 13
Let r be 1/1 + 71 + -3. Suppose -g - 3*m = -3*g - 5, -4*g = 3*m - 17. Suppose -4*k + 36 = g*x, 5*x - r = 2*x - k. List the prime factors of x.
2, 3
Let v(z) be the second derivative of -z**4/12 + z**3/6 + 47*z**2 - 21*z. List the prime factors of v(0).
2, 47
Let o = -576 - -1462. What are the prime factors of o?
2, 443
Let q(w) = w**2 - w - 1. Let m = 25 - 19. What are the prime factors of q(m)?
29
Let x(s) = -1. Let c(j) = j + 16. Let i(o) = c(o) + x(o). Let q be i(-12). Suppose -q*d + 2*d = -21. What are the prime factors of d?
3, 7
Let w(i) = 245*i**2 - i. What are the prime factors of w(-1)?
2, 3, 41
Suppose 0 = 6*s - 2 - 28. Suppose -4*a = -3*a - s*r - 14, -a + r = -14. What are the prime factors of a?
2, 7
Suppose -22*n + 748 = 4*k - 24*n, -k = -n - 186. List the prime factors of k.
2, 47
Let d = -1917 - -2553. What are the prime factors of d?
2, 3, 53
Let k(t) = -t - 16. Let s(w) = 5. Let l(d) = 4*k(d) + 11*s(d). What are the prime factors of l(-4)?
7
Suppose 277 - 1082 = -5*t. Let f = t - 110. What are the prime factors of f?
3, 17
Let v(w) = -117*w**3 - 3*w**2 + 21*w + 83. What are the prime factors of v(-3)?
2, 197
Let w(x) = x**2 - 5*x - 4. Let i be w(-3). Let p = i + -17. Suppose -4*t = 5*j - 171, -2*t = -t - p*j - 30. List the prime factors of t.
3, 13
Let g = -406 + 1420. What are the prime factors of g?
2, 3, 13
Suppose 8*g - 406 = -m + 3*g, 6 = 2*g. List the prime factors of m.
17, 23
Suppose -4*b = 5*y - b - 302, -4*y + 2*b = -224. Let z be (-4)/3*(-162)/72. Suppose t + 2*p = -0*p + 34, z*t = 5*p + y. List the prime factors of t.
2, 13
Suppose 11*j - 1022 = -3*j. What are the prime factors of j?
73
Let l(u) = 15*u**2 - 5*u - 5. What are the prime factors of l(5)?
3, 5, 23
Let t be (-6)/(-27) + 3789/81. Suppose 5*y - 46 + 0 = -2*n, -t = -4*y - 5*n. Suppose -y*g + 171 = -5*g. What are the prime factors of g?
3, 19
Let r(a) = 9*a + 1. Let h be r(6). Let x(y) = -y**3 - 5*y**2 + y + 7. Let l be x(-6). Let m = h - l. List the prime factors of m.
2, 3
Let m = -60 - -48. List the prime factors of (m + 86)/(2/3).
3, 37
Suppose -2*x = 6*g - 4*g - 66, 0 = -4*x. Suppose -63 - 12 = 5*i. Let v = g + i. List the prime factors of v.
2, 3
Let c be 53 - -1 - (8/2 + -7). Suppose -219 = -4*a + c. What are the prime factors of a?
3, 23
Suppose -5*q - 3 = -4*l + 1, -2 = -l + q. Let g be (-45)/l*18/(-3). Let c = -26 + g. What are the prime factors of c?
19
Suppose 10*p - 18*p + 1528 = 0. What are the prime factors of p?
191
Suppose 0 = -v - 3*v + j + 7, -5*v + 25 = 2*j. Suppose -u = 5*g - 0*g - 14, -v*u + 2*g + 8 = 0. List the prime factors of -1 - (u + 162/(-3)).
7
Let g(b) = -b + 16. Let t = -10 + -3. What are the prime factors of g(t)?
29
Let r(i) = 174*i + 17. Let p(x) = -58*x - 6. Let c(m) = -8*p(m) - 3*r(m). List the prime factors of c(-1).
5, 11
Let x(o) = -2*o**3 - 13*o**2 + o + 12. What are the prime factors of x(-12)?
2, 3, 11
Let a = 3276 - 483. What are the prime factors of a?
3, 7, 19
Let o(b) be the first derivative of b**3/3 - b**2/2 + 9*b + 37. List the prime factors of o(9).
3
Suppose 235*q + 1956 = 239*q. What are the prime factors of q?
3, 163
List the prime factors of 327/21 + 90/63.
17
Suppose 0*v - v + 4*a = -223, -a - 1 = 0. List the prime factors of (-1 + 6)/10 - v/(-2).
2, 5, 11
Let f = 18877 + -12563. What are the prime factors of f?
2, 7, 11, 41
Suppose 14631 = 10*s + 2431. List the prime factors of s.
2, 5, 61
Let m be 5/((-20)/8) - -4. Let a(h) = 4*h**3 - 4*h**3 + 0 - 6*h**m + 2 - h**3 - 2*h. List the prime factors of a(-6).
2, 7
Let f(b) be the second derivative of b**5/20 - b**4/4 + b**3/2 + 3*b**2 - 7*b. Let v be f(5). Let m = v + -23. What are the prime factors of m?
2, 3
Suppose a - 1597 = t, -1613 = 17*a - 18*a + 5*t. What are the prime factors of a?
3, 59
Let y = -2 + 7. Suppose 22 = 2*a + 3*f, 51 - 6 = y*a + 5*f. Suppose a*m = 6*m - 12. List the prime factors of m.
2, 3
Let m = -13 + 153. List the pr